(j) = -26*j + 495. What is the remainder when 800 is divided by u(16)?
10
Let w(m) = m**3 - 6*m**2 - 41*m + 20. Let x(g) = -13*g + 3. Let u(b) = 2*b - 4. Let y be u(1). What is the remainder when x(y) is divided by w(10)?
9
What is the remainder when 516 is divided by 70/175*85/(-3)*-12?
108
Suppose -3*f + 3*a + 1422 = 0, 0*a = 3*f + 2*a - 1402. Calculate the remainder when (f/(-15) + 5)*(-3)/1 is divided by 40.
39
Suppose 0 = -2*v - v + 236 + 1183. What is the remainder when v is divided by 17?
14
Suppose 7*j = 9*j + 8. Let d be (-76)/171*18/j. Suppose 7 = d*u - 161. What is the remainder when u is divided by 18?
12
Suppose 154*c = 157728 + 50480. What is the remainder when c is divided by 20?
12
Let n(i) = -i**2 + 7*i - 2. Suppose -17*z - 79 = -147. Calculate the remainder when 115 is divided by n(z).
5
Let g = -2220 - -3858. What is the remainder when g is divided by 82?
80
Let a(w) = -w + 6. Let t(n) = -n - 10. Let x be t(-9). Let y be a(x). Suppose -8*q = -7*q - y. What is the remainder when 20 is divided by q?
6
Let r be -2 - -2 - (-176)/22. Calculate the remainder when -7 + (-97)/(-2)*r is divided by 24.
21
Suppose 2*p = 2*c + 30, -p = 4*p + 4*c - 84. Calculate the remainder when ((-5704)/322)/(4/(-7)) is divided by p.
15
Let r = 8 + -5. Suppose -8*b + 660 = r*b. Suppose 2*w + 10 = b. What is the remainder when 72 is divided by w?
22
Suppose -2*u = -12, 37*q - 40*q - u = -36. Let g(w) = 10*w**3 + 2*w**2 - w + 4. What is the remainder when g(3) is divided by q?
9
Suppose 0 = -b + 2 + 1. Suppose 0 = 2*w - 2*a - 96, 54 = w + b*a - 2*a. What is the remainder when w is divided by -3 - (1 + 1 + -1) - (-23103)/1359?
12
Calculate the remainder when 7 + (-754)/104 + 20458/8 is divided by 64.
61
Let y = 23164 + -23153. Suppose -3*d + 13 = -v, -3*d = 3*v + v - 8. Calculate the remainder when y is divided by d.
3
Let z(w) = -w**2 - 40*w + 85. Let b be z(-42). What is the remainder when ((-180)/450)/(b/(-160)) is divided by 26?
12
Suppose -236 = 152*k - 3428. Calculate the remainder when 311 is divided by k.
17
Let u(n) = n**3 + 9*n**2 - 13*n - 28. Let g be u(-10). Suppose 0 = g*y + 2*c + 66 - 476, -187 = -y + 5*c. What is the remainder when y is divided by 17?
15
Suppose 4*n - 145 - 70 = -5*t, t + 147 = 3*n. Let k = 27 + -23. Suppose 54 = k*l - 342. Calculate the remainder when l is divided by n.
49
Suppose -28713*a + 28728*a = 22260. What is the remainder when a is divided by 298?
292
Let d(m) = -400*m - 1979. What is the remainder when 115 is divided by d(-5)?
10
Suppose -3*h = -3*o + 123, 5*h - 40 = 190*o - 192*o. What is the remainder when 2218 is divided by o?
13
Suppose 2*f + 74 = c, 0 = 3*c + 2*f - 5*f - 213. Let s(r) = -r**3 - 8*r**2 + 8*r - 2. Calculate the remainder when c is divided by s(-9).
5
Let i(r) = -3*r - 33. Let s be (-88)/(-3 - (-4 + 3)). Suppose 10 = x - 5*g, -5*x + s = -5*g + 14. What is the remainder when i(-15) is divided by x?
2
Let i = -44 - -86. Suppose -z - i = -2*w, 5*z = 4*w - 114 + 30. Suppose 12*q = 15*q - 495. Calculate the remainder when q is divided by w.
18
Let o = -18232 + 18406. Calculate the remainder when 484 is divided by o.
136
Let a be (0 - -1)*(7 - 4). Let o(d) = -d**2 - 19*d + 3. Let j be o(-12). Suppose -3*r + j = -a. What is the remainder when r is divided by 11?
8
Let y = 1478 - 1199. Calculate the remainder when 567 is divided by y.
9
Suppose 0 = -5*g + b + 97, 106*g + 5*b = 105*g + 61. Calculate the remainder when 86 is divided by g.
2
Suppose 46*m - 44*m - 3*q = 26, -5*m - q + 65 = 0. Calculate the remainder when 17976 is divided by m.
10
Let b(y) = y**2 + 6*y + 7. Let m be b(-5). Suppose m*l + 4*o = o + 44, -5*l - 2*o + 121 = 0. What is the remainder when 3*(-14)/(-21) - -221 is divided by l?
23
Let v(h) = -9*h**3 + 4*h**2 - 36*h - 82. What is the remainder when 437 is divided by v(-2)?
47
Suppose -76 = 2*l - 158. What is the remainder when 65 is divided by l?
24
What is the remainder when 676 is divided by (-3)/(-4)*(-59452)/(-267)?
8
Let x(i) = -2*i**2 - 59*i + 10. Suppose r - 4*a = -29, -4*r - a = -6*a + 116. What is the remainder when 272 is divided by x(r)?
38
Suppose -4*f - u - 2*u = 678, 5*f = -4*u - 847. Let y = f - -236. What is the remainder when y is divided by 29?
7
Suppose -w = -17 + 14. What is the remainder when 58 is divided by w?
1
Suppose -13216 - 23535 = -11*i. What is the remainder when i is divided by 8?
5
Suppose -3*s + 16 = -n - 3, 0 = -5*s + 3*n + 25. Let j = -397 - -417. What is the remainder when j is divided by s?
4
Suppose q - 3 = -2*g, 3*q + 2*g - 12 = q. Calculate the remainder when 72 is divided by 15/q*-1*(0 - 12).
12
Calculate the remainder when 42980/175 + 24/(-40) is divided by 48.
5
Suppose -6*b - 14 = -8*b. Suppose -2*g + b*g - 270 = 0. Calculate the remainder when 21 is divided by (1 - 3/1)/((-36)/g).
0
Let b be 24*(-2)/4*2/(-6). Suppose -5*z + 234 = -4*h, b*z - 6*z + 96 = -h. What is the remainder when z is divided by (576/20)/2 + 2/(-5)?
8
Let y = 4841 - 4792. What is the remainder when 170 is divided by y?
23
Let u(a) = a**2 - 5*a + 6. Let c be u(4). Suppose 5*s - 136 = -3*w - 14, 5*w - c*s - 162 = 0. What is the remainder when 269 is divided by w?
31
Let j(h) = 3*h - 89. Calculate the remainder when 269 is divided by j(41).
31
Suppose -3*f + 159 = 2*n, 1 + 0 = -f. What is the remainder when -1 - (1/(-5) - ((-1628)/(-10) - 2)) is divided by n?
79
Let y = -4 - -6. Let z be 60/100 - (-1 + (-122)/5). Suppose 0 = -y*r, -2*b + z + 26 = r. Calculate the remainder when 50 is divided by b.
24
Let w = 35 - 37. Let m(h) = -2*h**3 - h**2 - 3*h - 3. Let o(f) = f**3 - 2*f**2 - 6*f - 7. What is the remainder when o(5) is divided by m(w)?
8
Let j(c) = c**3 + 35*c**2 + 223*c + 195. What is the remainder when 419 is divided by j(-27)?
5
Calculate the remainder when 4096 is divided by (-180)/15 - -3 - (-81)/3.
10
What is the remainder when 895 is divided by (2 - 2) + 2530/115?
15
Suppose -1782 = -5*q + 2*b, 1785 + 9 = 5*q + b. Suppose -4*d + 976 = 4*f, -118 = -2*f + 4*d + 364. Let w = q - f. What is the remainder when w is divided by 29?
28
Let n = -187 - -281. Calculate the remainder when ((-224)/24)/(14/(-444)) is divided by n.
14
Let w = -1707 + 1885. Calculate the remainder when w is divided by 55.
13
Let h = 1277 - 1250. Calculate the remainder when 40 is divided by h.
13
Suppose -27*p + 16*p - 30*p = -4879. What is the remainder when p is divided by 23?
4
Let r be 29588/10 - 40/50. Let o = -1948 + r. Suppose 2*s - o = -5*l, 0*l - 3*s = -l + 202. What is the remainder when l is divided by 34?
32
Let b = 17671 - 13831. What is the remainder when b is divided by 25?
15
Let o = 40853 + -38925. What is the remainder when o is divided by 80?
8
Suppose 12 = -7*b - 205. Let u(m) = -m**3 - 33*m**2 - 62*m + 17. What is the remainder when 253 is divided by u(b)?
15
Suppose 10 - 4 = 2*d. Suppose 94 - 19 = 5*x - 5*q, -d*x + 5*q = -49. Calculate the remainder when 40 is divided by x.
1
Let z = -220 - -373. Suppose -4*b - 8 = 0, 7*b + 104 = 3*g + 3*b. What is the remainder when z is divided by g?
25
Suppose 102*o - 9353960 + 2699784 = -266*o. Calculate the remainder when o is divided by 11.
9
Suppose -2*d - 52 = -92. Let i be 7/(-2) - 2/4. What is the remainder when 24*((-28)/3)/i is divided by d?
16
Let c(l) = 2*l**2 + l + 9. Let k be c(-3). Suppose -20*r = -k*r + 480. Calculate the remainder when r is divided by 21.
15
Let j(z) = -2*z - 7. Let m = 23 + -29. What is the remainder when (-15)/(-2)*16/10 is divided by j(m)?
2
Let t = -5346 + 5435. What is the remainder when 312 is divided by t?
45
Calculate the remainder when 3143 is divided by (469 - 476) + -1 + (-32)/(-2).
7
Let c(g) = -8*g - 22 - g - g + 3*g. Let t be c(-4). Suppose 3*d = 3*v - 27, -2*d + t = 16. What is the remainder when 59 is divided by v?
3
Let j(q) = 3*q - 49. Let w be j(13). Calculate the remainder when 934/14 - w/35 is divided by 17.
16
Let k = 9855 - 9852. Calculate the remainder when 226 is divided by k.
1
Suppose -4*u - 244 = 4*r, -6*r = 2*u - 9*r + 122. Let k = u + 174. Calculate the remainder when k is divided by 19.
18
Suppose m = -3*h - 302 + 2455, 2*h + 8626 = 4*m. What is the remainder when m is divided by 10?
6
What is the remainder when 273 is divided by 10300/380 - 4/38?
3
Let y(m) = m**2 + 2